he remainder when 23 is divided by o(10)?
7
Let l(r) = -6*r**2 + 9. Let o be l(-3). Let n = -24 - o. What is the remainder when n is divided by 6?
3
Suppose h + 2 = 2*x, -7*h + 3*h - 2*x = 38. Let m(c) = 2*c**2 - 12*c - 16. Calculate the remainder when m(h) is divided by 53.
49
Suppose 47*f = 48*f - 60. What is the remainder when 77 is divided by f/160 - 4/(32/(-37))?
2
Let j(a) = -2*a**3 + 171*a**2 + 111*a - 1072. What is the remainder when j(86) is divided by 10?
8
Let a(m) = -7*m - 157. Let s = -715 - -679. Let h = 140 + -91. What is the remainder when a(s) is divided by h?
46
Let q be (0 - 0) + 3 - -2. Suppose -4*h = 5*o + 1 + 46, h = -q*o - 8. Let m = 42 - h. What is the remainder when m is divided by 15?
10
Suppose 670*s = 623*s + 331115. What is the remainder when s is divided by 8?
5
Let f = -199 - 12. Let d = f - -306. Calculate the remainder when d is divided by 25.
20
Let w = -2 - -13. Let o = 662 - 378. Suppose o - 34 = 5*v. What is the remainder when v is divided by w?
6
Let r(o) = o**3 + 8*o**2 - 15*o - 16. Let g = 44 + -79. Let b = g - -26. Calculate the remainder when r(b) is divided by 8.
6
What is the remainder when (-60)/(-210)*(454*11 + -3) is divided by 31?
0
Let o = -123 - -100. Let d = -8 - o. What is the remainder when 57 is divided by d?
12
What is the remainder when 1886 is divided by 156/12 + (-45)/135 + 28/(-6)?
6
Let x be 26/((-4)/(-10)*140/112). Suppose -194 + 32 = -2*m. Suppose -x + m = h. What is the remainder when 141 is divided by h?
25
Suppose -5*a - 4*m + 729 = 0, -3*a + 455 = 3*m - 5*m. Let l(s) = 2*s**2 - 29*s + 7. What is the remainder when a is divided by l(16)?
39
Let u = -110 + 120. Suppose u*h = 2*h + 24. What is the remainder when 32 is divided by h?
2
What is the remainder when 4895 is divided by (-1)/15 + -1 + (-3691)/(-15)?
240
Let c(p) = -854*p + 12633. Calculate the remainder when c(13) is divided by 47.
27
Suppose 1886 + 178 = 6*c. Suppose 32*t - 36*t = -c. What is the remainder when t is divided by 35?
16
Suppose 5*g - 2*r + 131 = 0, g + 21 = -4*r - 14. Let x = g + 104. What is the remainder when x is divided by 29?
19
Let o(w) = w**3 + 17*w**2 + 39*w - 191. Calculate the remainder when 155 is divided by o(-12).
33
Let z = 16 + 8. Let m be (-26 - (-8 + 6))*1. Let o(p) = -p**2 - 23*p + 39. Calculate the remainder when z is divided by o(m).
9
Let q = 16 - -3. Suppose -5*v - 5*z + 27 = -3*v, -66 = -3*v + z. Calculate the remainder when 1527/v - 12/(-42) is divided by q.
16
Let t = 89 + -85. Suppose t*z = -57 + 65. Suppose j = 3*j + 10, 52 = 3*n - z*j. Calculate the remainder when 69 is divided by n.
13
Calculate the remainder when 1/(6*(-9)/(-91422)) is divided by 15.
13
Let y be -78*10/(-45)*12. Suppose -3*q = -2*q + h + 49, 4*q = 2*h - y. Let z = q - -62. What is the remainder when z is divided by 4?
3
Suppose 3*u = 5*n + 105 + 26, 4*u = 4*n + 188. Let d(h) = h**3 - 12*h**2 - 11*h + 3. Calculate the remainder when u is divided by d(13).
23
Suppose 20*h - 400 = 24*h. What is the remainder when (-1 - 1)/2 - (h - 1) is divided by 34?
32
Suppose 4*k + 3*n - 4 = 0, -36 + 10 = 5*k - 4*n. Calculate the remainder when k/(-9) - (-16368)/216 is divided by 27.
22
Let y be (52/(-6))/(7/(5859/(-18))). Let l = -250 + y. Calculate the remainder when l is divided by 46.
15
Suppose 16*q - 18*q + 20 = 0. Suppose y + 4*y - q = 0. Suppose -3*p + 37 = -4*h - 83, y*p - 5*h - 73 = 0. What is the remainder when p is divided by 25?
19
Calculate the remainder when 1623 is divided by 12/26 + (12705/273 - 19).
27
Suppose 20 = 4*b - 4*c, c = -11*b + 14*b - 15. Suppose -z - 62 = -b*z - 2*g, 0 = -5*z - 5*g + 80. Calculate the remainder when 69 is divided by z.
9
Let r be (4/(16/(-15)))/(36/480). Suppose 0 = 3*o + 2*o + 4*s - 34, -2*o - 3*s + 15 = 0. Let u = o - r. What is the remainder when u is divided by 30?
26
Let h = 10 + -214. Calculate the remainder when h/(-8)*2 + 3 is divided by 23.
8
Suppose 0 = -3*l + 6*l - 6921. Suppose 0 = 12*q - l - 549. What is the remainder when q is divided by 61?
55
Let i = -2350 - -2401. What is the remainder when i is divided by (3/(-6))/(1/(-38))?
13
Let p = -304 + 306. Suppose 0 = -3*j - 15, -4*z + 4*j + 12 = -0. Calculate the remainder when 39 is divided by (z + -2)/((-1)/p).
7
Suppose -21 = -4*x - 9. Suppose -2*p = -n + 42, -x*p - 204 = -4*n - 4*p. What is the remainder when 147 is divided by n?
47
Let l = -377 - -377. Suppose 0 = -4*x - w + 4 + 20, l = -4*w. Suppose 44 = 2*k + 2*k. What is the remainder when k is divided by x?
5
Suppose 3*h - j = 24, h - 5*j + 2 + 4 = 0. Let n = h - -2. Suppose 1 = -p + 22. Calculate the remainder when p is divided by n.
10
Let y = 1 - 9. Let c(k) = 163*k - 15 + 10*k**2 + 0*k**3 - 313*k + 158*k + k**3. What is the remainder when c(y) is divided by 13?
10
Suppose 915*y - 942*y = -567. What is the remainder when 26 is divided by y?
5
Suppose -3*l + 29 = -5*w, 3731*w - 55 = -5*l + 3736*w. What is the remainder when 616 is divided by l?
5
Suppose 17*r - 15 - 19 = 0. Suppose 126 = 5*n - r*f, 5*n - f - 129 = -6. What is the remainder when n is divided by 9?
6
Suppose -4*f = -f - 27. Let q = -485 - -801. Suppose -17*t + 13*t + k = -q, 316 = 4*t + 3*k. What is the remainder when t is divided by f?
7
Suppose 4*g - 4 = -3*h, -4*g = -h - 9*g + 5. Suppose h*f = -4*f + 36. Let y = 4019 - 3997. What is the remainder when y is divided by f?
4
Let h = -7302 - -7330. Calculate the remainder when 109 is divided by h.
25
Let b = -101 - -106. Suppose -3*c = 2*l + l - 270, 0 = b*c - 3*l - 450. Calculate the remainder when c is divided by 34.
22
Suppose 5*a - 34 = 16. Suppose a*r = 5*r + 95. Suppose -14*w + r*w = 25. Calculate the remainder when 34 is divided by w.
4
Let z(x) = -1430*x + 236. What is the remainder when z(-1) is divided by 78?
28
Suppose 9 = f - 4*f. Let v(x) = -x**3 + 125*x**2 - 369*x + 393. Calculate the remainder when (-2)/f*1*69 is divided by v(122).
19
Suppose -4*o = -i - 1226, o - 5*i - 360 = -63. Suppose 5*a - r = o, -11 = -2*a + r + 113. What is the remainder when a is divided by 33?
28
Let v(i) = -7*i + 5. Suppose -666*b + 36 = -663*b. Calculate the remainder when v(-8) is divided by b/(-8)*(5 - 19).
19
Suppose 0 = -2*b + 16 - 0. Suppose 6*q + 94 = -302. Let t = q - -119. What is the remainder when t is divided by b?
5
Let y be (48/40)/((-6)/(-1370)). Let g = 295 - y. What is the remainder when 37 is divided by g?
16
Let l be (-4)/(-16) + (-1)/4. Let g(a) = 113*a + 1. Calculate the remainder when g(1) is divided by 20 + l + (0 - (-4 - -1)).
22
Suppose 42*s = 37*s + 100. Calculate the remainder when 71 is divided by s - (5 - 6) - (-6)/(-3).
14
Suppose -16*x = -19*x - 24*x + 1701. Calculate the remainder when 1260 is divided by x.
0
Let j(u) = -22*u + 141. Let d be j(-7). Let c = d + -179. What is the remainder when c is divided by 30?
26
Let w(z) = -5*z. Let q(m) = -m - 12. Let a be q(-7). Let b(t) = -121*t**2 + 6770*t + 383. What is the remainder when b(56) is divided by w(a)?
22
Suppose 4*q + 783 = 7*q. Let s = q - 253. Suppose 2*g = 3*z - 151, 2*z + 2*g = 3*z - 49. Calculate the remainder when z is divided by s.
3
Suppose 0 = 418*k - 426*k + 3959 + 30561. Calculate the remainder when k is divided by 20.
15
Let v = 38 + -30. Let n(j) = j**2 + 6*j - 6. Calculate the remainder when n(v) is divided by 27.
25
Suppose 2*w = l + 2*l - 14, 3*w + l = -32. Let q be (-28)/(-8) - 15/w. Calculate the remainder when 21 is divided by ((-204)/85)/(0 - 2/q).
3
Let k be (30/(-20)*2)/((-1)/(-47)). Let h = k + 198. Calculate the remainder when h is divided by 32.
25
What is the remainder when 370 is divided by (-2)/(44/(-143))*(2 + 1 + 5)?
6
Let n(y) = -y**3 - 74*y**2 + 329*y + 1402. Suppose 2*r - 270 - 636 = 0. Calculate the remainder when r is divided by n(-78).
73
Suppose -5*p + 26 = -44. Suppose -2*h - 4*r = -178, 5*r = 2*h - 181 - 15. Suppose 2*c + 3*v - h = 6*v, 20 = 4*v. What is the remainder when c is divided by p?
12
Suppose 310205 = -40*r + 75685. What is the remainder when 6/(-10) + r/(-205) is divided by 8?
4
Let s be -1*1*(-284 + 4 - 5). Let o = 588 - s. Suppose 15*y - o + 18 = 0. What is the remainder when 56 is divided by y?
18
Let b = 135 - 135. Let t be (b/21)/((2 + -1)*1). Suppose t = -k - 2*i + 21, -k + i + 4*i = -7. What is the remainder whe